 prime factors of 5899?
17, 347
List the prime factors of 10651.
10651
What are the prime factors of 26910?
2, 3, 5, 13, 23
What are the prime factors of 712?
2, 89
What are the prime factors of 2240?
2, 5, 7
What are the prime factors of 808?
2, 101
List the prime factors of 856.
2, 107
List the prime factors of 29.
29
What are the prime factors of 627?
3, 11, 19
What are the prime factors of 9124?
2, 2281
List the prime factors of 4791.
3, 1597
What are the prime factors of 35740?
2, 5, 1787
What are the prime factors of 14866?
2, 7433
What are the prime factors of 15723?
3, 1747
List the prime factors of 1295.
5, 7, 37
List the prime factors of 122.
2, 61
What are the prime factors of 1006?
2, 503
What are the prime factors of 562?
2, 281
What are the prime factors of 1829?
31, 59
What are the prime factors of 60028?
2, 43, 349
What are the prime factors of 68288?
2, 11, 97
What are the prime factors of 22787?
22787
List the prime factors of 80469.
3, 8941
What are the prime factors of 65754?
2, 3, 13, 281
List the prime factors of 3948.
2, 3, 7, 47
List the prime factors of 21771.
3, 41, 59
List the prime factors of 40552.
2, 37, 137
What are the prime factors of 148361?
148361
What are the prime factors of 57494?
2, 17, 19, 89
What are the prime factors of 102804?
2, 3, 13, 659
What are the prime factors of 30395?
5, 6079
What are the prime factors of 698?
2, 349
List the prime factors of 128043.
3, 41, 347
List the prime factors of 100606.
2, 11, 17, 269
List the prime factors of 17273.
23, 751
What are the prime factors of 2353?
13, 181
List the prime factors of 108139.
108139
List the prime factors of 11496.
2, 3, 479
What are the prime factors of 29706?
2, 3, 4951
What are the prime factors of 1321?
1321
What are the prime factors of 12727?
11, 13, 89
What are the prime factors of 6665?
5, 31, 43
List the prime factors of 786.
2, 3, 131
What are the prime factors of 97?
97
List the prime factors of 71.
71
What are the prime factors of 821?
821
List the prime factors of 15959.
15959
What are the prime factors of 3350?
2, 5, 67
List the prime factors of 10573.
97, 109
List the prime factors of 1604.
2, 401
What are the prime factors of 16138?
2, 8069
List the prime factors of 3058.
2, 11, 139
What are the prime factors of 1016?
2, 127
What are the prime factors of 10193?
10193
What are the prime factors of 3850?
2, 5, 7, 11
List the prime factors of 7116.
2, 3, 593
What are the prime factors of 430?
2, 5, 43
What are the prime factors of 701?
701
What are the prime factors of 7838?
2, 3919
List the prime factors of 23071.
23071
List the prime factors of 51763.
37, 1399
What are the prime factors of 435?
3, 5, 29
What are the prime factors of 2237?
2237
What are the prime factors of 1001?
7, 11, 13
What are the prime factors of 11875?
5, 19
What are the prime factors of 622?
2, 311
List the prime factors of 1512.
2, 3, 7
What are the prime factors of 27922?
2, 23, 607
List the prime factors of 1522.
2, 761
What are the prime factors of 211?
211
List the prime factors of 16182.
2, 3, 29, 31
List the prime factors of 65493.
3, 19, 383
What are the prime factors of 29081?
13, 2237
What are the prime factors of 13648?
2, 853
What are the prime factors of 33920?
2, 5, 53
What are the prime factors of 2758?
2, 7, 197
List the prime factors of 1137.
3, 379
What are the prime factors of 129940?
2, 5, 73, 89
What are the prime factors of 598?
2, 13, 23
What are the prime factors of 15365?
5, 7, 439
What are the prime factors of 575?
5, 23
List the prime factors of 3831.
3, 1277
List the prime factors of 646.
2, 17, 19
What are the prime factors of 25211?
17, 1483
List the prime factors of 4414.
2, 2207
List the prime factors of 112096.
2, 31, 113
What are the prime factors of 46650?
2, 3, 5, 311
List the prime factors of 6151.
6151
What are the prime factors of 7025?
5, 281
List the prime factors of 2337.
3, 19, 41
What are the prime factors of 11899?
73, 163
What are the prime factors of 3589?
37, 97
List the prime factors of 11656.
2, 31, 47
What are the prime factors of 339?
3, 113
List the prime factors of 18038.
2, 29, 311
List the prime factors of 2571.
3, 857
List the prime factors of 57502.
2, 28751
What are the prime factors of 15674?
2, 17, 461
What are the prime factors of 1095?
3, 5, 73
List the prime factors of 3495.
3, 5, 233
List the prime factors of 332.
2, 83
What are the prime factors of 1104?
2, 3, 23
List the prime factors of 12354.
2, 3, 29, 71
What are the prime factors of 1294?
2, 647
List the prime factors of 26041.
26041
List the prime factors of 1052.
2, 263
What are the prime factors of 495?
3, 5, 11
List the prime factors of 674.
2, 337
List the prime factors of 10067.
10067
List the prime factors of 10206.
2, 3, 7
List the prime factors of 3552.
2, 3, 37
List the prime factors of 65226.
2, 3, 7, 1553
What are the prime factors of 118522?
2, 19, 3119
What are the prime factors of 4397?
4397
What are the prime factors of 9479?
9479
List the prime factors of 402.
2, 3, 67
List the prime factors of 1199.
11, 109
What are the prime factors of 8722?
2, 7, 89
List the prime factors of 1436.
2, 359
What are the prime factors of 4517?
4517
List the prime factors of 1450.
2, 5, 29
What are the prime factors of 55088?
2, 11, 313
List the prime factors of 25219.
25219
List the prime factors of 2691.
3, 13, 23
List the prime factors of 186428.
2, 11, 19, 223
List the prime factors of 675.
3, 5
What are the prime factors of 46840?
2, 5, 1171
List the prime factors of 334.
2, 167
What are the prime factors of 158863?
158863
What are the prime factors of 35504?
2, 7, 317
List the prime factors of 53987.
53987
List the prime factors of 184159.
61, 3019
What are the prime factors of 36279?
3, 29, 139
List the prime factors of 923.
13, 71
What are the prime factors of 68274?
2, 3, 3793
What are the prime factors of 626?
2, 313
List the prime factors of 2527.
7, 19
List the prime factors of 9592.
2, 11, 109
What are the prime factors of 1091?
1091
What are the prime factors of 5520?
2, 3, 5, 23
List the prime factors of 643.
643
What are the prime factors of 7942?
2, 11, 19
What are the prime factors of 60602?
2, 157, 193
What are the prime factors of 239?
239
What are the prime factors of 1571?
1571
List the prime factors of 1250.
2, 5
What are the prime factors of 873?
3, 97
List the prime factors of 20204.
2, 5051
List the prime factors of 55984.
2, 3499
List the prime factors of 1279.
1279
List the prime factors of 14299.
79, 181
List the prime factors of 98.
2, 7
What are the prime factors of 78728?
2, 13, 757
List the prime factors of 59929.
59929
What are the prime factors of 713?
23, 31
List the prime factors of 6358.
2, 11, 17
List the prime factors of 34629.
3, 7, 17, 97
List the prime factors of 25311.
3, 11, 13, 59
List the prime factors of 3451.
7, 17, 29
What are the prime factors of 3343?
3343
List the prime factors of 1594.
2, 797
List the prime factors of 16897.
61, 277
What are the prime factors of 6066?
2, 3, 337
What are the prime factors of 33210?
2, 3, 5, 41
List the prime factors of 9110.
2, 5, 911
What are the prime factors of 102?
2, 3, 17
What are the prime factors of 20770?
2, 5, 31, 67
List the prime factors of 10203.
3, 19, 179
What are the prime factors of 55066?
2, 11, 2503
List the prime factors of 6136.
2, 13, 59
List the prime factors of 439.
439
List the prime factors of 32036.
2, 8009
What are the prime factors of 3390?
2, 3, 5, 113
What are the prime factors of 33073?
33073
What are the prime factors of 34300?
2, 5, 7
List the prime factors of 2682.
2, 3, 149
What are the prime factors of 3250?
2, 5, 13
What are the prime factors of 5206?
2, 19, 137
List the prime factors of 2376.
2, 3, 11
List the prime factors of 267.
3, 89
List the prime factors of 3514.
2, 7, 251
What are the prime factors of 102392?
2, 12799
List the prime factors of 1486.
2, 743
What are the prime factors of 1302?
2, 3, 7, 31
What are the prime factors of 886?
2, 443
What are the prime factors of 24793?
24793
List the prime factors of 691.
691
What are the prime factors of 13436?
2, 3359
What are the prime factors of 108874?
2, 54437
What are the prime factors of 970?
2, 5, 97
What are the prime factors of 50901?
3, 19, 47
